)?
44
Suppose 2*h - 5*a + 0*a - 8 = 0, 0 = 5*h + 3*a - 20. Suppose 312 = 4*f + 2*d, 452*f - 448*f - 5*d - 284 = 0. What is the remainder when f is divided by h?
0
Suppose 10*k = 36*k - 1365 - 299. Calculate the remainder when 632 is divided by k.
56
Let f(k) = k**3 - 88*k**2 - 465*k + 5. Suppose 2 = -4*u - 14, -b + u + 59 = 0. Suppose 4*l = b + 9. Calculate the remainder when l is divided by f(93).
1
Suppose -l = -5*n + 35568, -5*n + 14250 + 21332 = l. Calculate the remainder when n is divided by 80.
75
Suppose 2*p + 7*p - 3267 = 0. Suppose -p - 457 = -20*l. Calculate the remainder when 409 is divided by l.
40
Calculate the remainder when 514 is divided by 8 + (7 - (1*3 + (3 - -2))).
3
Suppose -10*t + 1971 = -6 + 157. Calculate the remainder when 369 is divided by t.
5
Let s(g) be the second derivative of -g**5/20 + 3*g**4/2 - 29*g**3/6 - 43*g**2/2 - 89*g. Calculate the remainder when s(14) is divided by 20.
15
Suppose 5*t + 8 = 7*t. Suppose 4*k - t*w + 76 = -0*k, 2*k + w = -44. What is the remainder when 32 is divided by (1/2)/(k/(-20) - 1)?
2
Let w(s) = 2*s + 15. Suppose 0 = -k - v + 7, -2*v - 7 = -5*k - 0*v. What is the remainder when 62 is divided by w(k)?
20
Let u(k) = -33*k**3 - 2*k**2 + k. Let w be u(-2). Let f = -243 + w. What is the remainder when 11 is divided by f?
0
Suppose 0 = 35*w - 27*w - 72. Calculate the remainder when 1637 is divided by w + -8 - (-116 - 0) - 0.
116
Calculate the remainder when ((-342)/30)/((-16)/80) is divided by 15.
12
Let l = -1863 - -1883. Suppose -3*n + 5 = 3*o - 5*o, o = -2*n + 8. Suppose 0 = -n*c - 0 + 27. Calculate the remainder when l is divided by c.
2
Calculate the remainder when (458/(-6))/((-730)/2190) is divided by 216.
13
Let f(q) = -2*q + 6. Let h(x) = -x + 1. Let m(w) = f(w) - 3*h(w). Let d(o) = 2*o**3. Let c be d(1). What is the remainder when m(c) is divided by 2?
1
Suppose -3*h + 5*o = -497, 10*o + 4 = 6*o. What is the remainder when h is divided by 11?
10
Let a(y) = -5*y**2 - y + 5. Let d be a(-4). Let q = d + 73. What is the remainder when 69 is divided by (q/(-4))/(-1)*20?
9
Suppose 94*b - 1343 = 1007. Calculate the remainder when 1359 is divided by b.
9
Let d = 2519 - 1646. What is the remainder when d is divided by 6?
3
Suppose 2*i - 4*d = 546 + 1794, 8*d + 32 = 0. Calculate the remainder when 3519 is divided by i.
33
Let w = 5083 - 5035. Calculate the remainder when 272 is divided by w.
32
Suppose -18*s + 42 = -17*s. Let r = -33 + s. Suppose -r*x = -6*x - 102. What is the remainder when 67 is divided by x?
33
Suppose -30*t + 24*t = -450. Calculate the remainder when t is divided by 2/(-24)*-9 + 339/12.
17
What is the remainder when 490 is divided by (144/(-18)*3)/((-2)/15)?
130
What is the remainder when 483 is divided by ((-8)/10)/(10*(-22)/51700)?
107
Let h(n) = 12*n**2 + 234*n - 116. What is the remainder when h(-25) is divided by 303?
19
Calculate the remainder when 372 is divided by (11/(-11))/((8 + -7)/(-76)).
68
Let s be (14/8 - 0)*-4. Let j = s + 16. Calculate the remainder when (-1)/7 + (-46 - (-47520)/616) is divided by j.
4
Suppose -52*s = -47*s - 140. Let x(r) = 3*r**2 + 16*r - 41. Let v = -17 + 25. Calculate the remainder when x(v) is divided by s.
27
Suppose -5*r + 332 = t, 3*t = -8*r + 9*r + 1060. Calculate the remainder when t is divided by 152.
48
Let j = -2694 - -2705. What is the remainder when 1538 is divided by j?
9
Suppose -3 = -b + 2*x, -4*x = 2*b - 7*b + 9. Let g(r) = -r + 7 - 2 - b. Calculate the remainder when 27 is divided by g(-10).
13
Let m = 6293 - 6204. Let c(l) = l**3 - 8*l**2 + 8*l - 5. Let a be c(7). What is the remainder when m is divided by (-57)/(a + -5) - 1?
17
Let w = -48 - -30. Let b = -5059 + 5057. Calculate the remainder when 56 is divided by (-2)/(b/(-3)) - w.
11
Suppose 47 = 5*t - 98. Suppose t*f = 22*f + 56. Let b(p) = 2*p**2 - 5*p - 9. Calculate the remainder when b(f) is divided by 40.
39
Suppose 0 = a - 4*z - 133, -5*a - 5*z = -605 - 185. What is the remainder when 1054 is divided by a?
136
Suppose 8*k = -2 + 58. Calculate the remainder when 26 is divided by k/(2/(3 - -1)).
12
Calculate the remainder when 121 is divided by 1677/15 + 132/110.
8
Suppose -1719*x - 4425 = -1734*x. What is the remainder when 1066 is divided by x?
181
Suppose 0 = -89*t + 90*t + 5. Let q(d) = 8*d**2 + 18*d + 7. Calculate the remainder when q(t) is divided by (-2)/3 + (-47)/(-3).
12
Let a be 7/(-2)*(-44)/77 + -2. Suppose a = -2*z + 10 - 4. Calculate the remainder when (-9)/21 + 62/14 is divided by z.
1
Suppose a - 281 = 3*a - 5*b, 3*a + 4*b + 387 = 0. Let r be (14/49)/((-1)/a). Let c = r + -33. What is the remainder when 6 is divided by c?
1
Suppose z - 341*i = -346*i + 254, -2*z = -5*i - 523. What is the remainder when z is divided by 60?
19
Let q = -10 + 37. Let t(l) = l**3 + 12*l**2 + 15*l + 7. Let b = 292 - 297. Calculate the remainder when t(b) is divided by q.
26
Let y(q) = 1. Let n(p) = -p**2 - 2*p + 7. Let v(b) = n(b) - 5*y(b). Let f be v(-6). Let z = 48 + f. Calculate the remainder when 101 is divided by z.
23
Let q(v) = 491*v**2 - 7*v + 6. Let d be q(1). Suppose 12 = -2*g + 2, -5*z - 5*g + d = 0. Suppose -z = -i - 24. Calculate the remainder when i is divided by 41.
38
Suppose 0 = -5*w - i + 14 + 22, 5*i + 2 = w. Let v(b) = 8*b - 28. What is the remainder when (-889)/(-11) + 12/66 is divided by v(w)?
25
Let j = 15525 - 12991. What is the remainder when j is divided by 111?
92
Suppose 0 = 101*l + 18*l - 3005821. What is the remainder when l is divided by 20?
19
Let y be (3/(-3))/(2/432). Let c = -117 - y. Suppose 3*m + 4*t = 7*t + c, 0 = -3*t. What is the remainder when m is divided by 17?
16
Let p = -190 - -579. Let s = p - 161. Let q = s + -113. Calculate the remainder when q is divided by 29.
28
Let v = -5532 + 5556. Let k = 110 - 46. Calculate the remainder when k is divided by v.
16
Suppose -102*n = -24*n - 37*n - 724388. Calculate the remainder when n is divided by 190.
188
Let z be 22/(((-6)/(-3) + -4)/18). Let h = -130 - z. Calculate the remainder when h is divided by 26.
16
Let i = -18 + 28. Suppose i = 3*w - 8. Calculate the remainder when (-88)/112*-26 - 8/(-14) is divided by w.
3
Suppose 2*u - 6 = 2*j, 0 = -0*j - 2*j. Suppose -c = 3*g + 3*c - 48, -u*g + 2*c + 30 = 0. Calculate the remainder when 70 is divided by g.
10
Let k = -1014 + 1052. Let n(g) = 11 + g**2 - g + 2*g**2 - 2. What is the remainder when n(7) is divided by k?
35
Suppose 13*k - 519 - 201 = -148. Calculate the remainder when 370 is divided by k.
18
Suppose f + 0*f + 2*y = 211, 4*f - 850 = -2*y. Let z = f + -166. Let q = 3 + 21. Calculate the remainder when z is divided by q.
23
Let m = -1885 + 2325. Calculate the remainder when m is divided by 34.
32
Let w = 2986 + -2597. What is the remainder when w is divided by 50?
39
Suppose 2 = u - 2*u. Calculate the remainder when (-3 - (-11)/3)*39 - -3 is divided by ((-80)/(-28))/(u/(-7)).
9
Let k = 9723 + -9689. Calculate the remainder when 7851 is divided by k.
31
Let s(u) = -u**3 + 7*u**2 + 12*u - 1. Let z be s(9). Let q be 50*(3 + z/10). What is the remainder when q/(-4) + 8/(-32) is divided by 16?
15
Let b(o) = 990*o - 380. Calculate the remainder when b(1) is divided by 18.
16
Suppose 525 + 1272 = 3*f. Suppose -89*x - 12*x + 1106 = -22*x. Calculate the remainder when f is divided by x.
11
Suppose -55*o + 46*o = -216. What is the remainder when (-3)/(-9) + (-388)/(-6) - 2 is divided by o?
15
Let p(l) = l**3 + l**2 - 33*l + 10. Let x be p(5). Let v(u) = -7*u - u**2 + 3*u - 3*u. Calculate the remainder when 28 is divided by v(x).
8
Let w = 177 + -130. Suppose 41 = 4*o - w. Let t = o + -16. What is the remainder when 16 is divided by t?
4
Let x = -25296 + 25416. Calculate the remainder when x is divided by 106.
14
Let b be (0/(-1))/(4/2). Suppose g + b*g - 114 = 0. What is the remainder when g is divided by (-750)/(-26) + 6/39?
27
Suppose 162*q - 924 = 85*q. What is the remainder when 773 is divided by q?
5
Let p(x) = x**2 - 49*x - 578. What is the remainder when (10/(-8))/((-2)/40) is divided by p(-10)?
1
Let z(k) = -k**2 - 9*k + 47. Let g = 98 + -105. Calculate the remainder when 117 is divided by z(g).
56
Let h be 32/(5/5*3/15). Let k = 249 - h. Let u = k - 69. What is the remainder when u is divided by 6?
2
Let k(t) = 3*t + 5